{"id":23445,"date":"2021-03-30T09:05:33","date_gmt":"2021-03-30T09:05:33","guid":{"rendered":"https:\/\/www.soreie.com\/listino-prezzi-estivo\/"},"modified":"2026-03-22T15:42:21","modified_gmt":"2026-03-22T15:42:21","slug":"listino-prezzi-estivo","status":"publish","type":"page","link":"https:\/\/www.soreie.com\/de\/listino-prezzi-estivo\/","title":{"rendered":"Sommerpreisliste"},"content":{"rendered":"<div class=\"vgblk-rw-wrapper limit-wrapper\">\n<h3>\n\tALLGEMEINE BEDINGUNGEN\n\t<\/h3>\n\t<p><strong>KURTAXE<\/strong>: \u20ac 2.00 pro Person\/Tag f\u00fcr einen Zeitraum von maximal 10 Tagen-, Kinder unter 14 Jahren befreit<\/p>\n<ul>\n<li><strong>Haustiere sind willkommen<\/strong>: nur eines pro Zimmer und im Rahmen der Verf\u00fcgbarkeit geeigneter Zimmer f\u00fcr ihren Aufenthalt,ohne Teppiche , Sofas und mit gro\u00dfem Balkon. Daher bitten wir Sie,vor einer\u00a0 Online-Reservierung, kontakt aufzunehmen .F\u00fcr\u00a0 sie erheben wir eine geringe Geb\u00fchr von\u00a0 \u20ac 25,00 -30.00 f\u00fcr die Endreinigung.<\/li>\n<li><strong> Einzelzimmer <\/strong> Zuschlag \u20ac 10,00 pro Tag<\/li>\n<li>Zuschlag f\u00fcr <strong> Doppelzimmer zur Einzelnutzung <\/strong> + 50 % pro Tag<\/li>\n<\/ul>\n<h3>\n\tSPEZIAL KINDER \n\t<\/h3>\n\t<p><strong>IM ZIMMER DER ELTERN<\/strong><\/p>\n<ul>\n<li>Gratis bis 2 Jahre,- 50% bis 7 Jahre,- 30% bis 12 Jahre,-10% \u00fcber 12 Jahre und in dritten Bett<\/li>\n<li>Zwei Kinder in Familienzimmer bis 10 Jahre ,beide -50%<\/li>\n\n<\/ul>\n<h3>\n\tANZAHLUNG\n\t<\/h3>\n\t<p>F\u00fcr die endg\u00fcltige Best\u00e4tigung angefordert wird, um eine Anzahlung von \u20ac 80.00 pro Person per Bank\u00fcberweisung zu senden. an Augusto Salin Snc<\/p>\n<ul>\n<li>Cassa Raiffeisen : IT &#8211; Swift code : RZSBIT 21810- IBANK IT43S0806535780000308000123.<\/li>\n<\/ul>\n\t<p><strong>SOMMERPREISLISTE 2026<\/strong><\/p>\n\t<p>&nbsp;<\/p>\n<table width=\"98%\" cellspacing=\"0\" cellpadding=\"0\">\n<tbody>\n<tr>\n<td colspan=\"3\"><strong>\u00a0PREISE PRO PERSON\/TAG BEI \u00dcBERNACHTUNG MIT FR\u00dcHST\u00dcCK. KURTAXE NICHT INBEGRIFFEN.<\/strong><\/td>\n<\/tr>\n<tr>\n<td><strong><em>Period\u00a0<\/em><\/strong><\/td>\n<td><strong><em>Mindest Preis<\/em><\/strong><\/td>\n<td><strong><em>Max Preis<\/em><\/strong><\/td>\n<\/tr>\n<tr>\n<td>20.06-27.06<\/td>\n<td><strong>\u20ac 50.00<\/strong><\/td>\n<td><strong>\u20ac 60.00<\/strong><\/td>\n<\/tr>\n<tr>\n<td>28.06-11.07<\/td>\n<td><strong>\u20ac 55.00<\/strong><\/td>\n<td><strong>\u20ac 65.00<\/strong><\/td>\n<\/tr>\n<tr>\n<td>12.07-31.07<\/td>\n<td><strong>\u20ac 65.00<\/strong><\/td>\n<td><strong>\u20ac 75.00<\/strong><\/td>\n<\/tr>\n<tr>\n<td>01\/08-22.08<\/td>\n<td><strong>\u20ac 80.00 <\/strong><\/td>\n<td><strong>\u20ac 90.00<\/strong><\/td>\n<\/tr>\n<tr>\n<td>23.08-30.08<\/td>\n<td><strong>\u20ac 65.00<\/strong><\/td>\n<td><strong>\u20ac 75.00<\/strong><\/td>\n<\/tr>\n<tr>\n<td>31.08-06.09<\/td>\n<td><strong>\u20ac 60.00 <\/strong><\/td>\n<td><strong>\u20ac 70.00<\/strong><\/td>\n<\/tr>\n<tr>\n<td>06.09-20.09<\/td>\n<td><strong>\u20ac 55.00<\/strong><\/td>\n<td><strong>\u20ac 65.00<\/strong><\/td>\n<\/tr>\n<tr>\n\n\n<td><strong>\u00a0<\/strong><\/td>\n<\/tr>\n<\/tbody>\n<\/table>\n<h3>\n\tPromotion\n\t<\/h3>\n\t<ul>\n<li>RESTAURANTS UND PIZZERIAS MIT \u00dcBEREINKOMMEN: Komplettes Men\u00fc von \u20ac 14,00 \/ 16,00 oder 10% Rabatt auf \u00e0 la carte oder Pizza<\/li>\n<\/ul>\n<p>&nbsp;<\/p>\n\n<\/div><!-- .vgblk-rw-wrapper -->","protected":false},"excerpt":{"rendered":"<p>ALLGEMEINE BEDINGUNGEN KURTAXE: \u20ac 2.00 pro Person\/Tag f\u00fcr einen Zeitraum von maximal 10 Tagen-, Kinder unter 14 Jahren befreit Haustiere sind willkommen: nur eines pro Zimmer und im Rahmen der&#8230;<\/p>\n","protected":false},"author":1,"featured_media":0,"parent":0,"menu_order":0,"comment_status":"closed","ping_status":"closed","template":"","meta":{"inline_featured_image":false,"footnotes":""},"class_list":["post-23445","page","type-page","status-publish","hentry"],"yoast_head":"<!-- This site is optimized with the Yoast SEO plugin v26.8 - https:\/\/yoast.com\/product\/yoast-seo-wordpress\/ -->\n<title>Sommerpreisliste - Garn\u00ec Hotel Soreje<\/title>\n<meta name=\"robots\" content=\"index, follow, max-snippet:-1, max-image-preview:large, max-video-preview:-1\" \/>\n<link rel=\"canonical\" href=\"https:\/\/www.soreie.com\/de\/listino-prezzi-estivo\/\" \/>\n<meta property=\"og:locale\" content=\"de_DE\" \/>\n<meta property=\"og:type\" content=\"article\" \/>\n<meta property=\"og:title\" content=\"Sommerpreisliste - Garn\u00ec Hotel Soreje\" \/>\n<meta property=\"og:description\" content=\"ALLGEMEINE BEDINGUNGEN KURTAXE: \u20ac 2.00 pro Person\/Tag f\u00fcr einen Zeitraum von maximal 10 Tagen-, Kinder unter 14 Jahren befreit Haustiere sind willkommen: nur eines pro Zimmer und im Rahmen der...\" \/>\n<meta property=\"og:url\" content=\"https:\/\/www.soreie.com\/de\/listino-prezzi-estivo\/\" \/>\n<meta property=\"og:site_name\" content=\"Garn\u00ec Hotel Soreje\" \/>\n<meta property=\"article:modified_time\" content=\"2026-03-22T15:42:21+00:00\" \/>\n<meta name=\"twitter:card\" content=\"summary_large_image\" \/>\n<meta name=\"twitter:label1\" content=\"Gesch\u00e4tzte Lesezeit\" \/>\n\t<meta name=\"twitter:data1\" content=\"2\u00a0Minuten\" \/>\n<script type=\"application\/ld+json\" class=\"yoast-schema-graph\">{\"@context\":\"https:\/\/schema.org\",\"@graph\":[{\"@type\":\"WebPage\",\"@id\":\"https:\/\/www.soreie.com\/de\/listino-prezzi-estivo\/\",\"url\":\"https:\/\/www.soreie.com\/de\/listino-prezzi-estivo\/\",\"name\":\"Sommerpreisliste - Garn\u00ec Hotel Soreje\",\"isPartOf\":{\"@id\":\"https:\/\/www.soreie.com\/#website\"},\"datePublished\":\"2021-03-30T09:05:33+00:00\",\"dateModified\":\"2026-03-22T15:42:21+00:00\",\"breadcrumb\":{\"@id\":\"https:\/\/www.soreie.com\/de\/listino-prezzi-estivo\/#breadcrumb\"},\"inLanguage\":\"de\",\"potentialAction\":[{\"@type\":\"ReadAction\",\"target\":[\"https:\/\/www.soreie.com\/de\/listino-prezzi-estivo\/\"]}]},{\"@type\":\"BreadcrumbList\",\"@id\":\"https:\/\/www.soreie.com\/de\/listino-prezzi-estivo\/#breadcrumb\",\"itemListElement\":[{\"@type\":\"ListItem\",\"position\":1,\"name\":\"Home\",\"item\":\"https:\/\/www.soreie.com\/de\/\"},{\"@type\":\"ListItem\",\"position\":2,\"name\":\"Sommerpreisliste\"}]},{\"@type\":\"WebSite\",\"@id\":\"https:\/\/www.soreie.com\/#website\",\"url\":\"https:\/\/www.soreie.com\/\",\"name\":\"Garn\u00ec Hotel Soreje\",\"description\":\"\",\"publisher\":{\"@id\":\"https:\/\/www.soreie.com\/#organization\"},\"potentialAction\":[{\"@type\":\"SearchAction\",\"target\":{\"@type\":\"EntryPoint\",\"urlTemplate\":\"https:\/\/www.soreie.com\/?s={search_term_string}\"},\"query-input\":{\"@type\":\"PropertyValueSpecification\",\"valueRequired\":true,\"valueName\":\"search_term_string\"}}],\"inLanguage\":\"de\"},{\"@type\":\"Organization\",\"@id\":\"https:\/\/www.soreie.com\/#organization\",\"name\":\"Garn\u00ec Hotel Soreje\",\"url\":\"https:\/\/www.soreie.com\/\",\"logo\":{\"@type\":\"ImageObject\",\"inLanguage\":\"de\",\"@id\":\"https:\/\/www.soreie.com\/#\/schema\/logo\/image\/\",\"url\":\"https:\/\/www.soreie.com\/wp-content\/uploads\/2021\/03\/logo.png\",\"contentUrl\":\"https:\/\/www.soreie.com\/wp-content\/uploads\/2021\/03\/logo.png\",\"width\":250,\"height\":79,\"caption\":\"Garn\u00ec Hotel Soreje\"},\"image\":{\"@id\":\"https:\/\/www.soreie.com\/#\/schema\/logo\/image\/\"}}]}<\/script>\n<!-- \/ Yoast SEO plugin. -->","yoast_head_json":{"title":"Sommerpreisliste - Garn\u00ec Hotel Soreje","robots":{"index":"index","follow":"follow","max-snippet":"max-snippet:-1","max-image-preview":"max-image-preview:large","max-video-preview":"max-video-preview:-1"},"canonical":"https:\/\/www.soreie.com\/de\/listino-prezzi-estivo\/","og_locale":"de_DE","og_type":"article","og_title":"Sommerpreisliste - Garn\u00ec Hotel Soreje","og_description":"ALLGEMEINE BEDINGUNGEN KURTAXE: \u20ac 2.00 pro Person\/Tag f\u00fcr einen Zeitraum von maximal 10 Tagen-, Kinder unter 14 Jahren befreit Haustiere sind willkommen: nur eines pro Zimmer und im Rahmen der...","og_url":"https:\/\/www.soreie.com\/de\/listino-prezzi-estivo\/","og_site_name":"Garn\u00ec Hotel Soreje","article_modified_time":"2026-03-22T15:42:21+00:00","twitter_card":"summary_large_image","twitter_misc":{"Gesch\u00e4tzte Lesezeit":"2\u00a0Minuten"},"schema":{"@context":"https:\/\/schema.org","@graph":[{"@type":"WebPage","@id":"https:\/\/www.soreie.com\/de\/listino-prezzi-estivo\/","url":"https:\/\/www.soreie.com\/de\/listino-prezzi-estivo\/","name":"Sommerpreisliste - Garn\u00ec Hotel Soreje","isPartOf":{"@id":"https:\/\/www.soreie.com\/#website"},"datePublished":"2021-03-30T09:05:33+00:00","dateModified":"2026-03-22T15:42:21+00:00","breadcrumb":{"@id":"https:\/\/www.soreie.com\/de\/listino-prezzi-estivo\/#breadcrumb"},"inLanguage":"de","potentialAction":[{"@type":"ReadAction","target":["https:\/\/www.soreie.com\/de\/listino-prezzi-estivo\/"]}]},{"@type":"BreadcrumbList","@id":"https:\/\/www.soreie.com\/de\/listino-prezzi-estivo\/#breadcrumb","itemListElement":[{"@type":"ListItem","position":1,"name":"Home","item":"https:\/\/www.soreie.com\/de\/"},{"@type":"ListItem","position":2,"name":"Sommerpreisliste"}]},{"@type":"WebSite","@id":"https:\/\/www.soreie.com\/#website","url":"https:\/\/www.soreie.com\/","name":"Garn\u00ec Hotel Soreje","description":"","publisher":{"@id":"https:\/\/www.soreie.com\/#organization"},"potentialAction":[{"@type":"SearchAction","target":{"@type":"EntryPoint","urlTemplate":"https:\/\/www.soreie.com\/?s={search_term_string}"},"query-input":{"@type":"PropertyValueSpecification","valueRequired":true,"valueName":"search_term_string"}}],"inLanguage":"de"},{"@type":"Organization","@id":"https:\/\/www.soreie.com\/#organization","name":"Garn\u00ec Hotel Soreje","url":"https:\/\/www.soreie.com\/","logo":{"@type":"ImageObject","inLanguage":"de","@id":"https:\/\/www.soreie.com\/#\/schema\/logo\/image\/","url":"https:\/\/www.soreie.com\/wp-content\/uploads\/2021\/03\/logo.png","contentUrl":"https:\/\/www.soreie.com\/wp-content\/uploads\/2021\/03\/logo.png","width":250,"height":79,"caption":"Garn\u00ec Hotel Soreje"},"image":{"@id":"https:\/\/www.soreie.com\/#\/schema\/logo\/image\/"}}]}},"_links":{"self":[{"href":"https:\/\/www.soreie.com\/de\/wp-json\/wp\/v2\/pages\/23445","targetHints":{"allow":["GET"]}}],"collection":[{"href":"https:\/\/www.soreie.com\/de\/wp-json\/wp\/v2\/pages"}],"about":[{"href":"https:\/\/www.soreie.com\/de\/wp-json\/wp\/v2\/types\/page"}],"author":[{"embeddable":true,"href":"https:\/\/www.soreie.com\/de\/wp-json\/wp\/v2\/users\/1"}],"replies":[{"embeddable":true,"href":"https:\/\/www.soreie.com\/de\/wp-json\/wp\/v2\/comments?post=23445"}],"version-history":[{"count":5,"href":"https:\/\/www.soreie.com\/de\/wp-json\/wp\/v2\/pages\/23445\/revisions"}],"predecessor-version":[{"id":23929,"href":"https:\/\/www.soreie.com\/de\/wp-json\/wp\/v2\/pages\/23445\/revisions\/23929"}],"wp:attachment":[{"href":"https:\/\/www.soreie.com\/de\/wp-json\/wp\/v2\/media?parent=23445"}],"curies":[{"name":"wp","href":"https:\/\/api.w.org\/{rel}","templated":true}]}}

<div class="vgblk-rw-wrapper limit-wrapper">
<h3>
	ALLGEMEINE BEDINGUNGEN
	</h3>
	<p><strong>KURTAXE</strong>: € 2.00 pro Person/Tag für einen Zeitraum von maximal 10 Tagen-, Kinder unter 14 Jahren befreit</p>
<ul>
<li><strong>Haustiere sind willkommen</strong>: nur eines pro Zimmer und im Rahmen der Verfügbarkeit geeigneter Zimmer für ihren Aufenthalt,ohne Teppiche , Sofas und mit großem Balkon. Daher bitten wir Sie,vor einer  Online-Reservierung, kontakt aufzunehmen .Für  sie erheben wir eine geringe Gebühr von  € 25,00 -30.00 für die Endreinigung.</li>
<li><strong> Einzelzimmer </strong> Zuschlag € 10,00 pro Tag</li>
<li>Zuschlag für <strong> Doppelzimmer zur Einzelnutzung </strong> + 50 % pro Tag</li>
</ul>
<h3>
	SPEZIAL KINDER 
	</h3>
	<p><strong>IM ZIMMER DER ELTERN</strong></p>
<ul>
<li>Gratis bis 2 Jahre,- 50% bis 7 Jahre,- 30% bis 12 Jahre,-10% über 12 Jahre und in dritten Bett</li>
<li>Zwei Kinder in Familienzimmer bis 10 Jahre ,beide -50%</li>

</ul>
<h3>
	ANZAHLUNG
	</h3>
	<p>Für die endgültige Bestätigung angefordert wird, um eine Anzahlung von € 80.00 pro Person per Banküberweisung zu senden. an Augusto Salin Snc</p>
<ul>
<li>Cassa Raiffeisen : IT &#8211; Swift code : RZSBIT 21810- IBANK IT43S0806535780000308000123.</li>
</ul>
	<p><strong>SOMMERPREISLISTE 2026</strong></p>
	<p>&nbsp;</p>
<table width="98%" cellspacing="0" cellpadding="0">
<tbody>
<tr>
<td colspan="3"><strong> PREISE PRO PERSON/TAG BEI ÜBERNACHTUNG MIT FRÜHSTÜCK. KURTAXE NICHT INBEGRIFFEN.</strong></td>
</tr>
<tr>
<td><strong><em>Period </em></strong></td>
<td><strong><em>Mindest Preis</em></strong></td>
<td><strong><em>Max Preis</em></strong></td>
</tr>
<tr>
<td>20.06-27.06</td>
<td><strong>€ 50.00</strong></td>
<td><strong>€ 60.00</strong></td>
</tr>
<tr>
<td>28.06-11.07</td>
<td><strong>€ 55.00</strong></td>
<td><strong>€ 65.00</strong></td>
</tr>
<tr>
<td>12.07-31.07</td>
<td><strong>€ 65.00</strong></td>
<td><strong>€ 75.00</strong></td>
</tr>
<tr>
<td>01/08-22.08</td>
<td><strong>€ 80.00 </strong></td>
<td><strong>€ 90.00</strong></td>
</tr>
<tr>
<td>23.08-30.08</td>
<td><strong>€ 65.00</strong></td>
<td><strong>€ 75.00</strong></td>
</tr>
<tr>
<td>31.08-06.09</td>
<td><strong>€ 60.00 </strong></td>
<td><strong>€ 70.00</strong></td>
</tr>
<tr>
<td>06.09-20.09</td>
<td><strong>€ 55.00</strong></td>
<td><strong>€ 65.00</strong></td>
</tr>
<tr>


<td><strong> </strong></td>
</tr>
</tbody>
</table>
<h3>
	Promotion
	</h3>
	<ul>
<li>RESTAURANTS UND PIZZERIAS MIT ÜBEREINKOMMEN: Komplettes Menü von € 14,00 / 16,00 oder 10% Rabatt auf à la carte oder Pizza</li>
</ul>
<p>&nbsp;</p>

</div><!-- .vgblk-rw-wrapper -->

<p>ALLGEMEINE BEDINGUNGEN KURTAXE: € 2.00 pro Person/Tag für einen Zeitraum von maximal 10 Tagen-, Kinder unter 14 Jahren befreit Haustiere sind willkommen: nur eines pro Zimmer und im Rahmen der&#8230;</p>

<!-- This site is optimized with the Yoast SEO plugin v26.8 - https://yoast.com/product/yoast-seo-wordpress/ -->
<title>Sommerpreisliste - Garnì Hotel Soreje</title>
<meta name="robots" content="index, follow, max-snippet:-1, max-image-preview:large, max-video-preview:-1" />
<link rel="canonical" href="https://www.soreie.com/de/listino-prezzi-estivo/" />
<meta property="og:locale" content="de_DE" />
<meta property="og:type" content="article" />
<meta property="og:title" content="Sommerpreisliste - Garnì Hotel Soreje" />
<meta property="og:description" content="ALLGEMEINE BEDINGUNGEN KURTAXE: € 2.00 pro Person/Tag für einen Zeitraum von maximal 10 Tagen-, Kinder unter 14 Jahren befreit Haustiere sind willkommen: nur eines pro Zimmer und im Rahmen der..." />
<meta property="og:url" content="https://www.soreie.com/de/listino-prezzi-estivo/" />
<meta property="og:site_name" content="Garnì Hotel Soreje" />
<meta property="article:modified_time" content="2026-03-22T15:42:21+00:00" />
<meta name="twitter:card" content="summary_large_image" />
<meta name="twitter:label1" content="Geschätzte Lesezeit" />
	<meta name="twitter:data1" content="2 Minuten" />
<script type="application/ld+json" class="yoast-schema-graph">{"@context":"https://schema.org","@graph":[{"@type":"WebPage","@id":"https://www.soreie.com/de/listino-prezzi-estivo/","url":"https://www.soreie.com/de/listino-prezzi-estivo/","name":"Sommerpreisliste - Garnì Hotel Soreje","isPartOf":{"@id":"https://www.soreie.com/#website"},"datePublished":"2021-03-30T09:05:33+00:00","dateModified":"2026-03-22T15:42:21+00:00","breadcrumb":{"@id":"https://www.soreie.com/de/listino-prezzi-estivo/#breadcrumb"},"inLanguage":"de","potentialAction":[{"@type":"ReadAction","target":["https://www.soreie.com/de/listino-prezzi-estivo/"]}]},{"@type":"BreadcrumbList","@id":"https://www.soreie.com/de/listino-prezzi-estivo/#breadcrumb","itemListElement":[{"@type":"ListItem","position":1,"name":"Home","item":"https://www.soreie.com/de/"},{"@type":"ListItem","position":2,"name":"Sommerpreisliste"}]},{"@type":"WebSite","@id":"https://www.soreie.com/#website","url":"https://www.soreie.com/","name":"Garnì Hotel Soreje","description":"","publisher":{"@id":"https://www.soreie.com/#organization"},"potentialAction":[{"@type":"SearchAction","target":{"@type":"EntryPoint","urlTemplate":"https://www.soreie.com/?s={search_term_string}"},"query-input":{"@type":"PropertyValueSpecification","valueRequired":true,"valueName":"search_term_string"}}],"inLanguage":"de"},{"@type":"Organization","@id":"https://www.soreie.com/#organization","name":"Garnì Hotel Soreje","url":"https://www.soreie.com/","logo":{"@type":"ImageObject","inLanguage":"de","@id":"https://www.soreie.com/#/schema/logo/image/","url":"https://www.soreie.com/wp-content/uploads/2021/03/logo.png","contentUrl":"https://www.soreie.com/wp-content/uploads/2021/03/logo.png","width":250,"height":79,"caption":"Garnì Hotel Soreje"},"image":{"@id":"https://www.soreie.com/#/schema/logo/image/"}}]}</script>
<!-- / Yoast SEO plugin. -->

Sommerpreisliste - Garnì Hotel Soreje

ALLGEMEINE BEDINGUNGEN KURTAXE: € 2.00 pro Person/Tag für einen Zeitraum von maximal 10 Tagen-, Kinder unter 14 Jahren befreit Haustiere sind willkommen: nur eines pro Zimmer und im Rahmen der...

Garnì Hotel Soreje
